of 2/3*j**d - 1/24*j**4 + 0 - 10*j**2 + 0*j. What is t(6)?
-2
Suppose 2*k + a + 7 = 0, -17*k + 21*k + 4*a = -12. Let o(q) = 37*q + 24. Let s(w) = -7*w - 5. Let b(d) = -2*o(d) - 11*s(d). Determine b(k).
-5
Let l(h) = 4*h - 2*h - 8*h. Suppose -4*s = 5*k - 21, -3*k + 8 = s - 6. Suppose -g - k*u = 19, 14*g + 4*u = 11*g - 13. What is l(g)?
-6
Let u(x) = -x**3 - 10*x**2 - 6*x - 4. Let j be ((-10)/9)/(-5) + 21502/117. Suppose 24*k + j + 32 = 0. Calculate u(k).
-31
Let s(g) be the second derivative of g**8/6720 + g**7/360 + g**6/144 - g**5/20 - 7*g**4/12 + 44*g. Let y(k) be the third derivative of s(k). Calculate y(-6).
0
Let m(n) = n**3 - 24*n**2 + 45*n - 24. Let p be (-8*(-1)/(-12))/(4/(-132)). What is m(p)?
-2
Let s(y) = 3*y**3 + 7*y**2 - 5*y - 27. Let m(t) = t**3 + 3*t**2 - 2*t - 13. Let c(h) = 5*m(h) - 2*s(h). What is c(0)?
-11
Suppose -2*j = -12*j + 200. Suppose k + 13 + 0 = 2*m, -2*k = -m + j. Let o be ((-3)/k)/(5/(-15)). Let y(i) = 9*i - 1. Give y(o).
-10
Let f(g) be the first derivative of -g**3/3 + 119*g**2/2 - 236*g + 6355. Give f(2).
-2
Let r(g) be the third derivative of g**6/120 - 7*g**5/15 + 4*g**4/3 - 47*g**3/2 - 2214*g**2 - 2*g. Determine r(27).
-6
Let w(m) = -m**2 + 15*m - 11. Let p be w(14). Suppose -q = q - j + 7, 4*q - p*j = -17. Let l be (-4)/q + (-2 - (10 - 1)). Let y(h) = h + 6. Determine y(l).
-3
Let i(s) = s**2 + 4*s - 1. Let m = -6 + 4. Let y = 2616 + -2614. Let b = m - y. Determine i(b).
-1
Let r(a) = a**2 - 2 + 0 - 3*a - 2 + 10*a. Let k(s) = -s - 3. Let h be k(-17). Suppose h*q = 20*q + 36. Give r(q).
-10
Suppose -103*s + 960 = -98*s. Suppose -4*a = -12*a + s. Suppose 2*z + a = -2*z + 4*j, 4 = -4*j. Let d(y) = y**3 + 8*y**2 + 5*y - 6. What is d(z)?
8
Let o(q) = -q**2 + 10*q - 12. Let u = 2 + -3. Let t(i) = 2. Let c(h) = -6*h - 32. Let b(d) = u*c(d) + 6*t(d). Let y be b(-6). Calculate o(y).
4
Let v(p) = 6 + 18 - 28*p - 4 + 27*p. Let g be (-1 - 68/((-4)/1)) + -4. Determine v(g).
8
Let r(i) be the second derivative of -5*i**4/4 + i**3/3 + 3*i**2/2 - i + 7563. Give r(-3).
-138
Let u be 0/(-1) + -4 + 8. Suppose 22*x = 23*x + u. Let r be x*(-9)/(-12)*(-2)/3. Let s(v) = 3*v**2 - 3*v + 1. What is s(r)?
7
Let y = 5008 + -4999. Let o(n) = n**2 + 19*n - 256. Calculate o(y).
-4
Suppose 6 = -2*j + 2. Let d(v) be the second derivative of -3/2*v**2 - 2/3*v**3 + 0 - 29*v. Give d(j).
5
Let y be -2 + 11/7 + 8*(-24)/(-56). Let p(r) be the third derivative of -1/60*r**5 - 3/8*r**4 + 0*r + y*r**2 - 7/6*r**3 + 0. Give p(-7).
7
Let x = -8191 + 8192. Let a(t) = 38*t - 33. Determine a(x).
5
Let a(m) = 2*m**3 - 10*m**2 - 9*m + 15. Let q = 66 + -71. Let s(p) = 3*p**3 - 15*p**2 - 13*p + 23. Let c(g) = q*s(g) + 8*a(g). Calculate c(6).
-1
Suppose o - 15 = -r, -o + 5 = -2*o + 4*r. Let d(g) = -2*g - 20. Let x(k) = k + 10. Suppose 66*p - 168 = 38*p. Let f(j) = o*x(j) + p*d(j). Calculate f(-9).
-1
Let y(n) = 3*n**2. Let v(q) = 10*q**2 + q - 1. Let r be (-10)/15*(-63)/6. Let x(o) = r*y(o) - 2*v(o). Let h = -6 + 8. Determine x(h).
2
Let c(p) = 4*p - 2. Let g be c(2). Suppose -8 = g*t - 50. Let v(s) be the first derivative of -s**2/2 + 10*s - 1. Determine v(t).
3
Let g(i) = -7*i**2 + 46*i + 19. Let h be ((-3)/30*5 - (-14)/4) + 4. What is g(h)?
-2
Let t(b) = 107204*b + 107094*b + 1 - 214206*b. Give t(1).
93
Let o(q) = 6*q + 1. Let y(n) = -5*n - 1. Let s(v) = 6*o(v) + 7*y(v). Let x be s(-4). Let a(z) = 3 + 66*z - 4 - 2 - 70*z + 4. Determine a(x).
21
Let y(r) be the third derivative of -5*r**4/8 - 55*r**3/3 + 11402*r**2. Calculate y(-8).
10
Suppose -358*w = -19*w + 3729. Let k(y) = -y**3 - 11*y**2 + 2*y + 36. Calculate k(w).
14
Let m(r) = r**3 - r**2 + 146*r - 801. Let d be m(5). Let f(o) be the first derivative of 8/3*o**3 - o - d - o**2. Determine f(-1).
9
Let k(z) be the first derivative of 2*z**3/3 + 25*z**2 - 12*z + 2525. Calculate k(-25).
-12
Let k(j) = -8*j**2 - 4*j - 6. Let g(f) = 6*f**2 + 2*f + 5. Let n(o) = -3*g(o) - 2*k(o). Suppose -5*b - 3*b = -16. Calculate n(b).
-7
Let p(j) = 33*j - 2. Suppose 0 = -21*q + 11260 - 11302. Give p(q).
-68
Suppose -3*v + 7 + 11 = 0. Let z be (6/4)/(42/56). Let x(m) = 0 - 7*m - 16*m**z - 3 + m**3 + 11*m**2 + 0*m**3. What is x(v)?
-9
Let y(j) = -j**3 - 6*j**2 - 2*j + 5. Let v = -108 + 122. Let l = -19 + v. Give y(l).
-10
Suppose r - 10*r + 90 = 0. Suppose -r*t + 22 = t. Let n(c) = -23 - t*c - 19 + 43. Give n(-5).
11
Let p(v) = 17*v**2 + 324*v + 13. Let c be p(-19). Let l(x) = -2*x**2 - 13*x - 5. Give l(c).
1
Let i(n) = 17*n**2 - 1653*n + 392. Let b be i(97). Let z(f) be the second derivative of 1/12*f**4 - 48*f - b*f**2 + 0*f**3 + 0. Give z(0).
-8
Let l(w) = 13*w**3 - 4*w**2 - 5*w - 3. Suppose 36*x - 182 = -254. Determine l(x).
-113
Let s(n) be the third derivative of n**7/2520 - n**5/15 + 71*n**4/24 + 6*n**2 + 5. Let v(c) be the second derivative of s(c). Determine v(0).
-8
Let t(j) = -j**3 + 2*j**2 + j - 1. Suppose 0 = -2*k - 0*k - 4*q - 48, q + 5 = 0. Let f be 2/k + (-48)/(-42). Let w(p) = 5*p - 3. Let g be w(f). Give t(g).
1
Let w(q) be the third derivative of 0 - q + 0*q**4 + 42*q**2 + 1/10*q**5 + 1/3*q**3. Give w(2).
26
Let a(d) = -21 + 2*d - 50 + 15 + 19. Let b be a(16). Let c(t) = -3*t - 7. Give c(b).
8
Suppose 2*r - 20 = o + 5*r, -5*r = -2*o + 26. Let g(i) = -i**3 - 2*i**2 - 10*i - 19. Give g(o).
1
Let u(p) be the second derivative of p**3/6 - 3*p**2 - 63*p + 1. Let l(k) = -2*k + 5. Let v(q) = 2*l(q) + 3*u(q). What is v(0)?
-8
Let m be (-3)/(-12) + (-1175)/(-20). Suppose m = 6*d + 11. Let l(r) = 13 - 5 - 11*r - 3*r**2 + 3 + 4*r**2. Give l(d).
-13
Let d(h) = 3*h**2 - h + 1. Let r(p) = 11*p**2 - 10*p + 26. Let w(a) = -4*d(a) + r(a). What is w(-5)?
27
Let s be 0 + 0 - 2/(-2). Suppose -222*t = -217*t - 25. Let b(d) = -2 - t*d**2 + s + 6*d**2 - 3*d. Determine b(2).
-3
Let u(l) be the first derivative of -4*l - 4/3*l**3 - 1/4*l**4 + 30 - l**2. Calculate u(-3).
-7
Let d = 8 + -2. Suppose b - 8 = d. Suppose -3*y + 2*i = b, -2*i = y + i + 12. Let v(f) = 2*f + 5. What is v(y)?
-7
Let n = 22723 - 22732. Let d(k) = 5*k + 5. Determine d(n).
-40
Let y be -3 + -1 + -2 + 150. Let w be y/24 + (1 - 2). Let l(i) = 4*i - 1. Calculate l(w).
19
Let g(u) be the second derivative of -u**7/2520 - u**6/360 + u**5/24 + 7*u**4/3 + u**2 - u - 2. Let b(f) be the third derivative of g(f). What is b(-5)?
-10
Let o(k) = 12*k**2 - 71*k + 13. Let t(d) = -d**2 + 21*d - 1. Let l(j) = -o(j) - 3*t(j). What is l(3)?
-67
Let r(v) = -30 - 3286*v**2 - 2 + 3284*v**2 - 36*v. Give r(-17).
2
Let a(f) be the third derivative of f**8/20160 + f**7/560 + f**6/720 + 41*f**5/15 - 18*f**2. Let w(j) be the third derivative of a(j). Give w(-10).
11
Let g(k) = -45*k + 274. Suppose 9*j = -23*j - 51*j + 498. Calculate g(j).
4
Suppose -2*a = 3*k + 24, a + 2*k + 11 = -4. Let y(z) = -z**3 - 7*z**2 - 4*z - 6. Give y(a).
-30
Let q(u) = 9*u**3 + 27*u**2 + 15*u + 5. Let w(x) = -2*x**3 - 3*x**2 - x. Let v(t) = -q(t) - 5*w(t). What is v(13)?
34
Let q(b) = 12*b + 2. Let k(f) = -9*f - 2. Let l(c) = -3*k(c) - 4*q(c). Calculate l(1).
-23
Let g = -19421 - -19412. Let n(h) = -h**2 - 4*h + 15. Give n(g).
-30
Let s(i) = -6*i**2 + i - 2. Let v be (-4 - (-5 + 0) - 0)*-2. What is s(v)?
-28
Let f(i) = 31 - 100 + 38 - 2*i + 31. Give f(1).
-2
Let t(k) be the third derivative of 2 + 0*k + 0*k**3 - 15*k**2 + 1/6*k**4. What is t(-2)?
-8
Let y(d) = -2*d**2 + 4*d - 3. Suppose g - 4*r + 6 = 0, -g - 3*r + 23 = 15. Suppose -17*m + 6 = -13*m - j, -g*j + 12 = 4*m. Give y(m).
-3
Let x(v) = -2*v**2 + 11*v - 4. Suppose -3*f + 4*i + 34 = 23, -f + 3*i + 2 = 0. Determine x(f).
1
Let n(f) be the first derivative of -f**4/4 - 5*f**3 - 13*f**2/2 + 34*f - 1222. Give n(-14).
20
Let t(p) = p**3 - 8*p**2 + 7*p + 1. Suppose -226 + 610 = -3*v. Let i = v - -140. Suppose -3*q = 2*q + 15, -i = -3*b - 3*q. Determine t(b).
1
Let b(i) = -i**3 - 9*i**2 - 8*i + 8. Suppose 38*u - 1036 = u. Suppose 0 = 6*l + 20 + u. Calculate b(l).
8
Let b(d) = -2*d + 9. Let v(n) = 6*n - 111. Let z(p) = 6*b(p) + v(p). Calculate z(-9).
-3
Let m = -94 - -95. Let n(r) = 22*r + m - 13*r - r**3 + r + 9*r**2. Give n(10).
1
Let p(u) = u - 7. Let n = 705 + -256. Let w = n + -444. Determine p(w).
-2
Let f(w) be the third derivative of w**7/840 - w**6/180 + w**5/120 - w**4/8 + 71*w**3/6 - 12*w**2 + w. Let c(g) be the first derivative of f(g). Calcul